hat is 202 (base 4) in base 12?
2a
What is 0 (base 15) in base 10?
0
Convert 4d (base 14) to base 12.
59
Convert 1a (base 15) to base 2.
11001
-8 (base 9) to base 2
-1000
0 (base 8) to base 4
0
41 (base 8) to base 6
53
What is ad (base 16) in base 4?
2231
-21 (base 5) to base 7
-14
Convert -23 (base 12) to base 2.
-11011
24 (base 6) to base 9
17
Convert c (base 15) to base 4.
30
What is -2 (base 5) in base 6?
-2
What is -56 (base 10) in base 11?
-51
10 (base 5) to base 13
5
Convert 1 (base 10) to base 15.
1
-43 (base 5) to base 8
-27
10100 (base 3) to base 9
110
What is 13 (base 14) in base 8?
21
What is 2 (base 7) in base 3?
2
What is -1103 (base 4) in base 6?
-215
Convert -1121 (base 4) to base 2.
-1011001
What is 12 (base 9) in base 6?
15
Convert 61 (base 12) to base 15.
4d
-10 (base 2) to base 11
-2
What is -5 (base 12) in base 4?
-11
100 (base 7) to base 8
61
Convert -4 (base 15) to base 2.
-100
Convert 82 (base 9) to base 16.
4a
Convert -32 (base 4) to base 2.
-1110
-a (base 14) to base 7
-13
Convert 3 (base 14) to base 5.
3
61 (base 13) to base 16
4f
Convert -7 (base 9) to base 2.
-111
What is -41 (base 11) in base 8?
-55
-33 (base 13) to base 6
-110
What is 5 (base 14) in base 5?
10
What is -10 (base 2) in base 4?
-2
Convert 200 (base 3) to base 13.
15
3 (base 5) to base 9
3
f (base 16) to base 11
14
-38 (base 12) to base 14
-32
-1313 (base 6) to base 5
-2313
1000 (base 2) to base 4
20
-b (base 12) to base 11
-10
What is -101000 (base 2) in base 11?
-37
What is -6 (base 8) in base 5?
-11
Convert 4 (base 15) to base 14.
4
Convert -21 (base 5) to base 8.
-13
110 (base 3) to base 2
1100
-d (base 15) to base 8
-15
10 (base 7) to base 10
7
34 (base 8) to base 11
26
What is 21 (base 11) in base 4?
113
Convert 12 (base 5) to base 16.
7
What is 3 (base 8) in base 6?
3
11 (base 5) to base 6
10
What is 11 (base 2) in base 8?
3
1 (base 4) to base 3
1
-24 (base 11) to base 2
-11010
-11 (base 7) to base 13
-8
Convert -13 (base 6) to base 16.
-9
Convert 10 (base 16) to base 5.
31
What is 34 (base 12) in base 8?
50
What is -6 (base 13) in base 2?
-110
Convert -11 (base 3) to base 7.
-4
Convert -1 (base 16) to base 12.
-1
What is 2 (base 15) in base 8?
2
-301 (base 4) to base 7
-100
What is 110100 (base 2) in base 12?
44
Convert 30 (base 10) to base 3.
1010
Convert 11 (base 6) to base 8.
7
Convert -32 (base 4) to base 8.
-16
Convert 0 (base 12) to base 16.
0
What is 26 (base 15) in base 8?
44
What is -6b (base 15) in base 10?
-101
What is 4 (base 15) in base 5?
4
Convert -2 (base 14) to base 11.
-2
63 (base 7) to base 5
140
38 (base 15) to base 4
311
What is 45 (base 14) in base 15?
41
1ba (base 14) to base 9
440
Convert 30 (base 15) to base 3.
1200
Convert -44 (base 5) to base 16.
-18
Convert a (base 14) to base 10.
10
Convert -213 (base 7) to base 13.
-84
Convert 5d (base 15) to base 10.
88
-1b7 (base 12) to base 15
-13d
Convert -40 (base 8) to base 12.
-28
What is 24 (base 10) in base 8?
30
What is 9 (base 13) in base 10?
9
-148 (base 10) to base 14
-a8
246 (base 7) to base 14
96
Convert -2 (base 4) to base 2.
-10
What is 100 (base 2) in base 8?
4
Convert -179 (base 10) to base 13.
-10a
What is -16 (base 16) in base 14?
-18
What is 1a (base 15) in base 8?
31
What is 2032 (base 4) in base 11?
11a
Convert 82 (base 11) to base 16.
5a
What is 232 (base 4) in base 3?
1201
-1 (base 14) to base 3
-1
-65 (base 9) to base 4
-323
What is -8 (base 15) in base 10?
-8
Convert -19 (base 10) to base 2.
-10011
Convert -4 (base 12) to base 5.
-4
Convert -2 (base 6) to base 14.
-2
Convert 42 (base 11) to base 4.
232
-2 (base 9) to base 2
-10
Convert -22 (base 6) to base 15.
-e
Convert -21 (base 8) to base 3.
-122
Convert -1 (base 5) to base 15.
-1
What is -14 (base 12) in base 15?
-11
5b (base 12) to base 2
1000111
Convert 55 (base 8) to base 12.
39
9 (base 12) to base 2
1001
-543 (base 6) to base 2
-11001111
111 (base 3) to base 2
1101
What is -46 (base 10) in base 12?
-3a
What is 16 (base 10) in base 6?
24
Convert -3 (base 14) to base 5.
-3
What is 6 (base 10) in base 11?
6
What is 3 (base 4) in base 14?
3
-35 (base 12) to base 7
-56
13 (base 13) to base 6
24
What is 2 (base 15) in base 6?
2
-540 (base 6) to base 14
-108
31 (base 14) to base 3
1121
33 (base 8) to base 2
11011
Convert -100 (base 8) to base 5.
-224
-100 (base 4) to base 9
-17
What is -2a (base 13) in base 8?
-44
-2 (base 14) to base 11
-2
Convert 53 (base 10) to base 14.
3b
Convert 0 (base 13) to base 11.
0
-76 (base 9) to base 10
-69
0 (base 2) to base 3
0
33 (base 4) to base 5
30
Convert -8 (base 16) to base 7.
-11
What is 3 (base 16) in base 13?
3
Convert 4 (base 9) to base 14.
4
12 (base 11) to base 14
d
Convert 9 (base 11) to base 10.
9
What is 114 (base 6) in base 7?
64
What is -1312 (base 4) in base 14?
-86
What is -70 (base 15) in base 16?
-69
Convert 40 (base 6) to base 3.
220
Convert 127 (base 8) to base 16.
57
Convert 1 (base 14) to base 10.
1
What is -35 (base 9) in base 8?
-40
What is 22 (base 9) in base 3?
202
Convert 45 (base 10) to base 3.
1200
What is -4 (base 5) in base 8?
-4
-122 (base 4) to base 15
-1b
0 (base 2) to base 10
0
Convert -a8 (base 14) to base 10.
-148
Convert -177 (base 9) to base 5.
-1101
Convert -3 (base 12) to base 5.
-3
What is 1 (base 3) in base 7?
1
Convert -5 (base 13) to base 6.
-5
Convert 6 (base 7) to base 6.
10
Convert -101110 (base 2) to base 6.
-114
a (base 12) to base 8
12
What is 11 (base 2) in base 4?
3
What is 202 (base 3) in base 15?
15
What is -4 (base 14) in base 15?
-4
-70 (base 8) to base 14
-40
Convert -144 (base 5) to base 3.
-1211
12 (base 11) to base 6
21
Convert -2010 (base 5) to base 7.
-513
What is -1 (base 11) in base 7?
-1
Convert -4 (base 13) to base 12.
-4
Convert 10 (base 4) to base 14.
4
What is -10 (base 3) in base 6?
-3
What is 14 (base 5) in base 10?
9
Convert -3 (base 6) to base 2.
-11
26 (base 10) to base 15
1b
Convert 2 (base 4) to base 16.
2
What is 42 (base 8) in base 6?
54
-1000 (base 3) to base 9
-30
Convert -81 (base 13) to base 11.
-96
Convert 2 (base 10) to base 9.
2
-1 (base 3) to base 8
-1
4 (base 6) to base 16
4
What is 30 (base 10) in base 16?
1e
What is -120 (base 6) in base 5?
-143
Convert -50 (base 9) to base 3.
-1200
-ab (base 14) to base 4
-2113
What is -94 (base 10) in base 5?
-334
-11 (base 3) to base 8
-4
225 (base 7) to base 10
117
-48 (base 12) to base 13
-44
-3 (base 6) to base 3
-10
Convert -1 (base 9) to base 11.
-1
What is 20 (base 4) in base 10?
8
-3 (base 4) to base 10
-3
-4 (base 10) to base 9
-4
What is -102 (base 5) in base 9?
-30
What is 29 (base 10) in base 3?
1002
Convert -2 (base 5) to base 7.
-2
-2 (base 9) to base 14
-2
450 (base 6) to base 10
174
-1 (base 6) to base 7
-1
-11102 (base 3) to base 11
-a9
What is -99 (base 13) in base 8?
-176
-2 (base 6) to base 7
-2
What is -8 (base 15) in base 5?
-13
3 (base 7) to base 16
3
Convert 100 (base 3) to base 15.
9
Convert 2 (base 7) to base 9.
2
Convert -4 (base 10) to base 13.
-4
What is -3 (base 13) in base 15?
-3
What is 241 (base 5) in base 3?
2122
Convert -2 (base 13) to base 15.
-2
What is 10 (base 5) in base 10?
5
-40 (base 11) to base 13
-35
-3 (base 5) to base 2
-11
What is -24 (base 13) in base 3?
-1010
Convert 3 (base 7) to base 15.
3
Convert -2 (base 15) to base 5.
-2
What is -1203 (base 6) in base 16?
-123
What is -101 (base 13) in base 6?
-442
1 (base 2) to base 3
1
Convert -70 (base 9) to base 14.
-47
What is -10 (base 14) in base 15?
-e
What is 1110 (base 2) in base 14?
10
Convert 1 (base 13) to base 11.
1
-3 (base 16) to base 14
-3
-10 (base 2) to base 13
-2
a (base 13) to base 5
20
Convert -20 (base 14) to base 2.
-11100
Convert -1 (base 14) to base 10.
-1
-1211 (base 3) to base 8
-61
Convert -1 (base 14) to base 12.
-1
Convert 11111 (base 2) to base 5.
111
-2 (base 6) to base 3
-2
What is -1 (base 14) in base 12?
-1
Convert -20 (base 10) to base 15.
-15
47 (base 9) to base 3
1121
Convert 39 (base 10) to base 14.
2b
-8 (base 13) to base 2
-1000
Convert -110 (base 5) to base 3.
-1010
11 (base 2) to base 3
10
0 (base 9) to base 7
0
Convert 184 (base 10) to base 2.
10111000
-3 (base 12) to base 14
-3
150 (base 11) to base 2
10110000
5 (base 6) to base 10
5
What is -1111 (base 2) in base 11?
-14
What is -1 (base 11) in base 16?
-